ulate the remainder when 17037957 is divided by 117.
66
What is the remainder when 709994 is divided by 1127?
1111
Calculate the remainder when 1305604 is divided by 3464.
3140
Calculate the remainder when 34838349 is divided by 50.
49
What is the remainder when 24445305 is divided by 1746092?
17
Calculate the remainder when 9617959 is divided by 1156.
39
Calculate the remainder when 1728128 is divided by 1506.
746
Calculate the remainder when 18839212 is divided by 348872.
124
Calculate the remainder when 209857 is divided by 2689.
115
What is the remainder when 200704098 is divided by 47?
45
What is the remainder when 15612913 is divided by 347?
342
Calculate the remainder when 11073617 is divided by 2322.
2321
What is the remainder when 800811 is divided by 3572?
683
Calculate the remainder when 5149 is divided by 1354.
1087
What is the remainder when 51037078 is divided by 66?
4
Calculate the remainder when 11532 is divided by 1898.
144
What is the remainder when 28605018 is divided by 19?
5
What is the remainder when 68786 is divided by 69?
62
What is the remainder when 112245 is divided by 11222?
25
What is the remainder when 103439 is divided by 5434?
193
What is the remainder when 28568828 is divided by 491?
484
What is the remainder when 71908 is divided by 9776?
3476
What is the remainder when 3725420 is divided by 90863?
37
Calculate the remainder when 24116144 is divided by 27.
14
What is the remainder when 624255 is divided by 113?
43
What is the remainder when 1499324 is divided by 1314?
50
Calculate the remainder when 1696969 is divided by 565647.
28
Calculate the remainder when 180881 is divided by 59.
46
Calculate the remainder when 49339 is divided by 2751.
2572
Calculate the remainder when 1832270 is divided by 332.
294
Calculate the remainder when 36320 is divided by 8904.
704
Calculate the remainder when 35095484 is divided by 14.
4
What is the remainder when 354893 is divided by 88571?
609
What is the remainder when 43992 is divided by 936?
0
Calculate the remainder when 43159 is divided by 19932.
3295
Calculate the remainder when 12023457 is divided by 854.
845
What is the remainder when 428549480 is divided by 107137368?
8
What is the remainder when 21955782 is divided by 708?
702
What is the remainder when 1478456 is divided by 6?
2
Calculate the remainder when 5274 is divided by 4640.
634
Calculate the remainder when 11889 is divided by 985.
69
What is the remainder when 269612 is divided by 1419?
2
Calculate the remainder when 802173 is divided by 72864.
669
Calculate the remainder when 1333408 is divided by 266681.
3
Calculate the remainder when 4044975 is divided by 54.
51
What is the remainder when 186703624 is divided by 52?
16
What is the remainder when 742294 is divided by 19033?
7
Calculate the remainder when 86002 is divided by 975.
202
What is the remainder when 120511316 is divided by 378?
2
What is the remainder when 13428342 is divided by 7298?
22
Calculate the remainder when 1980029 is divided by 992.
989
Calculate the remainder when 968649 is divided by 476.
465
What is the remainder when 57361109 is divided by 2370?
2369
Calculate the remainder when 9946124 is divided by 394.
382
What is the remainder when 295761 is divided by 210?
81
What is the remainder when 71785 is divided by 987?
721
Calculate the remainder when 156509 is divided by 1579.
188
What is the remainder when 781035 is divided by 102?
21
Calculate the remainder when 167018 is divided by 5216.
106
Calculate the remainder when 842030 is divided by 1293.
287
Calculate the remainder when 14658303 is divided by 982.
971
Calculate the remainder when 1066974 is divided by 1361.
1311
Calculate the remainder when 27616 is divided by 554.
470
Calculate the remainder when 102953968 is divided by 2318.
2316
What is the remainder when 449320606 is divided by 1683?
1681
Calculate the remainder when 1612155 is divided by 2484.
39
What is the remainder when 372498 is divided by 639?
600
What is the remainder when 2120107 is divided by 253?
220
What is the remainder when 1361009 is divided by 210?
209
Calculate the remainder when 559399 is divided by 1251.
202
Calculate the remainder when 830460 is divided by 75482.
158
Calculate the remainder when 133323 is divided by 814.
641
What is the remainder when 4695450 is divided by 154?
144
What is the remainder when 139111147 is divided by 3334?
3331
Calculate the remainder when 2403721 is divided by 2953.
2932
What is the remainder when 2682163 is divided by 389?
8
Calculate the remainder when 2269780 is divided by 162.
160
Calculate the remainder when 2566369 is divided by 198.
91
Calculate the remainder when 655292 is divided by 163821.
8
What is the remainder when 3408552 is divided by 7873?
7416
Calculate the remainder when 18041 is divided by 1698.
1061
Calculate the remainder when 189797801 is divided by 34.
9
Calculate the remainder when 11096354 is divided by 380.
354
What is the remainder when 28144198 is divided by 158?
132
Calculate the remainder when 909930 is divided by 547.
269
Calculate the remainder when 6731 is divided by 2169.
224
What is the remainder when 609345 is divided by 51?
48
What is the remainder when 5200990 is divided by 868?
802
What is the remainder when 5635223 is divided by 615?
593
Calculate the remainder when 187192 is divided by 186915.
277
Calculate the remainder when 1128419 is divided by 1128258.
161
What is the remainder when 69872 is divided by 11327?
1910
Calculate the remainder when 110161 is divided by 125.
36
What is the remainder when 8602397 is divided by 1345?
1122
What is the remainder when 1292101 is divided by 79?
56
Calculate the remainder when 476325 is divided by 10.
5
Calculate the remainder when 465859 is divided by 530.
519
Calculate the remainder when 35028672 is divided by 4771.
4761
Calculate the remainder when 93392054 is divided by 2642.
2638
What is the remainder when 825138 is divided by 174?
30
Calculate the remainder when 94342858 is divided by 170.
168
What is the remainder when 3133764 is divided by 10659?
18
Calculate the remainder when 259150 is divided by 52.
34
Calculate the remainder when 227475 is divided by 1911.
66
What is the remainder when 286794 is divided by 43?
27
Calculate the remainder when 1287230 is divided by 643460.
310
Calculate the remainder when 1589377 is divided by 290.
177
Calculate the remainder when 69521 is divided by 17247.
533
Calculate the remainder when 176673 is divided by 804.
597
What is the remainder when 68407 is divided by 3420?
7
What is the remainder when 594240619 is divided by 34?
9
What is the remainder when 19925468 is divided by 11144?
11140
Calculate the remainder when 143276 is divided by 264.
188
What is the remainder when 9978697 is divided by 525?
22
What is the remainder when 8807318 is divided by 14953?
1
What is the remainder when 191254 is divided by 650?
154
What is the remainder when 3511050 is divided by 159586?
158
Calculate the remainder when 1005873 is divided by 479.
452
Calculate the remainder when 14010411 is divided by 3502594.
35
What is the remainder when 75331625 is divided by 188329?
25
What is the remainder when 316498 is divided by 642?
634
What is the remainder when 1595857 is divided by 177315?
22
What is the remainder when 1260197 is divided by 1231?
884
Calculate the remainder when 70827 is divided by 17433.
1095
What is the remainder when 16530 is divided by 3197?
545
Calculate the remainder when 3829190 is divided by 109.
20
What is the remainder when 61017214 is divided by 204?
202
Calculate the remainder when 25940 is divided by 25457.
483
Calculate the remainder when 30068945 is divided by 18.
17
What is the remainder when 5374306 is divided by 155?
146
Calculate the remainder when 4731431 is divided by 27.
5
What is the remainder when 218560 is divided by 299?
290
Calculate the remainder when 34087 is divided by 1176.
1159
What is the remainder when 11098 is divided by 162?
82
What is the remainder when 212343 is divided by 42350?
593
Calculate the remainder when 976547 is divided by 97625.
297
Calculate the remainder when 120419 is divided by 1085.
1069
Calculate the remainder when 1839818 is divided by 2678.
32
Calculate the remainder when 813458 is divi